er when n is divided by 43/4 - (-4)/l?
9
Suppose 3*q = -4*t + 16, -4*q - 5*t = -0 - 20. Let s(r) = 2*r + 4. Calculate the remainder when 15 is divided by s(q).
3
Let z = -201 + 226. Suppose -6*v + 33 = -2*v + 3*q, -36 = -5*v - 2*q. Suppose 0 = 3*j - v, -5*j = w + 2*w - z. What is the remainder when 18 is divided by w?
3
Suppose -4*u = -7*u + 57. Let w(k) = -k**3 - 43*k**2 + 37*k - 254. What is the remainder when w(-44) is divided by u?
16
Let m be (-1)/(2/(-8)*-4). Let w = -10 + 25. Calculate the remainder when m - 236/(8/(-2)) is divided by w.
13
Suppose -111 = 6*g - 183. What is the remainder when 43 is divided by g?
7
Let r be ((-6)/(-15))/(3/165). Suppose 2*v - h = -r, v - h + 13 = -0*v. What is the remainder when 94 is divided by (24/v)/(5/(-45))?
22
Let w = 1561 + -755. What is the remainder when w is divided by 8?
6
Calculate the remainder when 96 + (-30)/(-5) + -1*5 is divided by 5.
2
Let j(i) = -7*i. Suppose 12*k - 7*k + 270 = 5*l, 0 = 3*l + k - 166. Calculate the remainder when l is divided by j(-4).
27
Suppose -2*q - 515 = -549. What is the remainder when 298 is divided by q?
9
Let n = -93 - -104. Suppose -3*k + 20 = 5. Let q = k + n. Calculate the remainder when 31 is divided by q.
15
Let w(b) = b**2 - 4*b - 31. Calculate the remainder when 1 is divided by w(8).
0
Calculate the remainder when ((-88)/12)/(-3 + (-291)/(-99)) is divided by 42.
37
Let t(g) = g**3 - 10*g**2 + 4*g - 10. Suppose -25 = -5*h + 25. Calculate the remainder when t(h) is divided by 7.
2
Suppose -17*m + 247 = -4*m. Calculate the remainder when 63 is divided by m.
6
Suppose -71 - 19 = -5*r. What is the remainder when r is divided by 11?
7
Calculate the remainder when 15/45 + 616/6 is divided by 23.
11
Suppose 0 = 5*y + y. Suppose -4*h + 26 = -5*q, y*h + 2*h - 4 = -2*q. Suppose 0 = -2*c + h*c - 68. Calculate the remainder when c is divided by 12.
10
Let z(u) = -33*u - 39. Suppose -v - 22 = -3*d, 3*v - 1 = -d + 3. What is the remainder when z(-2) is divided by d?
6
Let h(a) = -a**2 + 6*a + 12. Let i be h(7). Suppose 1 = -4*v - 3, c + 3*v = -i. Let y(n) = -37*n + 5. What is the remainder when y(c) is divided by 16?
15
Let j = 103 - 94. Let s be 1/(-3) - (-840)/36. Let u = 48 - s. Calculate the remainder when u is divided by j.
7
Suppose 5*f + 3*u - 10 = 19, 2*f - 3*u - 20 = 0. Let w be (-11)/(-3) + 8/(-12). Suppose -p + 12 = w*p. Calculate the remainder when f is divided by p.
1
Suppose -26*g = 301 - 1315. What is the remainder when 127 is divided by g?
10
Let a(w) = -45*w - 453. Suppose 2*h - 5 = 1. Suppose 4*r - 99 = 5*l + 6, 4*l = -h*r + 102. What is the remainder when a(-12) is divided by r?
27
Suppose 5*r + 7 + 48 = 2*p, -3*p - 2*r + 92 = 0. What is the remainder when 88 is divided by p?
28
Let w(r) = -4*r + 4. Let l = -826 - -993. What is the remainder when l is divided by w(-5)?
23
Let h(i) = -7*i - 29. Let u be h(9). Let b = u + 167. What is the remainder when b is divided by 13?
10
Suppose 6*d + 4*r - 8 = d, 0 = -d - 4*r - 8. Let s(x) = 5*x**2 + 24*x + 21. Let p be s(-9). Let w = p - 192. What is the remainder when w is divided by d?
2
Let n(q) = 356*q - 17. Calculate the remainder when n(1) is divided by 70.
59
Let z = 1369 + -1236. What is the remainder when 545 is divided by z?
13
Suppose 4*p + 0*p - 4 = 0, u + p - 15 = 0. Calculate the remainder when 151 is divided by u.
11
Let j = -10 + 11. Let o = -1 - j. What is the remainder when 35 is divided by 14*o/(-4) + 2?
8
Calculate the remainder when 237 is divided by 8/10 + -12 + 8568/90.
69
Let u = -22 - -47. Calculate the remainder when 71 is divided by u.
21
Suppose 2 + 288 = 5*i. Let l = -314 + 329. Calculate the remainder when i is divided by l.
13
Let c = 181 + -172. Calculate the remainder when 32 is divided by c.
5
Suppose 15 = 3*w, -10*t + 15*t - 355 = w. What is the remainder when 716 is divided by t?
68
Let x(k) = 2*k**2 - 15*k + 2. Let n be x(10). Suppose 5*s = y + 183 - 53, 2*s + 4*y - n = 0. Calculate the remainder when 51 is divided by s.
25
Let p(v) = -v**2 - 11*v - 13. Let q be p(-9). Suppose 0 = h + q*o - 44, -h - o + 104 = 2*h. Calculate the remainder when h is divided by 12.
10
Let d(m) = -2*m**3 + 41*m**2 - 19*m + 46. What is the remainder when 129 is divided by d(20)?
63
Let n = -426 - -549. What is the remainder when 860 is divided by n?
122
Suppose -3*r = 2*v + 2*v - 92, 0 = -4*r - 3*v + 125. Suppose r*u = 27*u + 170. What is the remainder when u is divided by 13?
8
Suppose 40 = -0*d + 4*d. Suppose 41 + 15 = 2*g. What is the remainder when g is divided by d?
8
What is the remainder when (7 - (-2 - 0))/((-5)/(-25)) is divided by 38?
7
Calculate the remainder when 394 is divided by ((-286)/104)/((-3)/72).
64
Let f(o) = o**2 - 21*o - 16. Let i(y) = -2*y**2 + 41*y + 32. Let p(a) = -7*f(a) - 4*i(a). Calculate the remainder when 7 is divided by p(18).
1
Suppose -8 = -11*f + 7*f, -3*r = -3*f - 141. What is the remainder when 143 is divided by r?
45
Suppose 40*n - 43*n + 24 = 0. What is the remainder when 278 is divided by n?
6
Suppose 0 = 3*o - 6 - 36. What is the remainder when 65 is divided by o?
9
Suppose 86*w = 18617 + 18191. Calculate the remainder when w is divided by 39.
38
Let d(t) = -t + 2. Let o be d(2). Suppose 4*r + 4*b - 196 = 64, -b + 4 = o. What is the remainder when r is divided by 16?
13
Suppose 25 = -25*y + 175. What is the remainder when 7 is divided by y?
1
Suppose o + 5*n = 10, 7*o - 3*o + 3*n = 23. Let f(u) = -16*u - 5. Let x be f(o). Let h = x + 155. What is the remainder when h is divided by 24?
22
Suppose 0 = -28*d + 22*d + 120. Calculate the remainder when 59 is divided by d.
19
Let b = -1153 + 1159. Suppose -5*j - 5*k + 50 = -2*k, 5*j - 15 = 4*k. What is the remainder when j is divided by b?
1
Suppose 0 = 5*i, 0 = -j + 5*i - 4*i. What is the remainder when 11/((1 - j) + 0) is divided by 3?
2
Suppose g - 1 = h - 2, 3*h - 11 = -5*g. Let a(r) = 18*r**2 + 3*r - 3. Calculate the remainder when 105 is divided by a(g).
15
Let j(m) = 5*m**3 - 5 - 5*m**2 + 0 + 2*m - 4*m**3. Let v = 14 - 9. Calculate the remainder when 19 is divided by j(v).
4
Let j = 28 - 37. Calculate the remainder when 50 is divided by j/2*(-9 - -3).
23
Let d(n) = 2*n**3 - 13*n**2 - 5*n + 21. Calculate the remainder when d(7) is divided by 8.
3
Let j = 5 - -66. Let b = 271 - 234. What is the remainder when j is divided by b?
34
Suppose 334 = -3*d + 1210. What is the remainder when ((-2)/4)/((-2)/d) is divided by 19?
16
Suppose 0 = -3*x - 5*h - 67, 0 = x + 2*h + 24 - 0. What is the remainder when x + 18 + (-138)/(-3)*1 is divided by 6?
2
Suppose 309 - 119 = 10*p. Calculate the remainder when 111 is divided by p.
16
Suppose -27 = -2*v - 2*i + 41, -3*i - 9 = 0. What is the remainder when 144 is divided by v?
33
What is the remainder when 148/(26/13) + (4 - 0) is divided by 27?
24
Let f(k) = -k**3 + 7*k**2 + 7*k - 10. Let p = 14 + -12. Suppose -t + p*t = 21. Calculate the remainder when f(7) is divided by t.
18
Suppose 20 = 36*m - 31*m. Suppose -m*u = -10 - 2. Calculate the remainder when 17 is divided by u.
2
Let z(t) = t**3 + 3*t**2 - 6. Let i be z(-3). Let n(a) = 4*a**3 + 9*a + 1 - 3*a**3 + 0*a**2 + 9*a**2 - a**2. Calculate the remainder when 75 is divided by n(i).
18
Let y(l) be the second derivative of l**5/20 + l**4/3 - l**3/6 - 2*l**2 - 18*l. What is the remainder when y(-3) is divided by 5?
3
Let m = 49 - 46. Suppose 3*g - 42 = -m*a, -2*a + 4*g - 1 + 5 = 0. Suppose 0 = -5*o - 4 + 19. Calculate the remainder when a is divided by o.
1
Let l(r) = -r + 5. Suppose d - 27 = -i, -4*i - 5*d + 6 = -100. Calculate the remainder when i is divided by l(-5).
9
Let k = -135 - -148. Suppose 12 = 3*v + 4*q, -1 + k = -4*q. Calculate the remainder when 52 is divided by v.
4
Let d = -640 - -790. Calculate the remainder when d is divided by 158/4 + (-42)/28.
36
Let s = 860 + -468. Calculate the remainder when s is divided by 36.
32
Let i = 50 + -44. Suppose -i*x - 8 = -14*x. Suppose -7 - 1 = -2*p. Calculate the remainder when p is divided by x.
0
What is the remainder when 55 is divided by (44/7 - 7)*-21?
10
Let p(m) = -28*m - 248. What is the remainder when 1568/10 - 1/(-5) is divided by p(-10)?
29
Let c = -288 - -335. Calculate the remainder when 92 is divided by c.
45
Suppose 0 = -15*r + 354 + 186. What is the r